{"id":9257,"date":"2026-05-06T08:29:11","date_gmt":"2026-05-06T08:29:11","guid":{"rendered":"https:\/\/www.westfalia-hagen.de\/westfalia_neu\/?page_id=9257"},"modified":"2026-05-06T08:29:11","modified_gmt":"2026-05-06T08:29:11","slug":"bambini-mini-kicker-fussball","status":"publish","type":"page","link":"https:\/\/www.westfalia-hagen.de\/westfalia_neu\/bambini-mini-kicker-fussball\/","title":{"rendered":"Bambini \/ Mini-Kicker Fu\u00dfball"},"content":{"rendered":"<h2 class=\"page-title\">Bambini oder Mini-Kicker Fu\u00dfball:<\/h2>\n<h2 class=\"page-title\">Ab wann ist Fu\u00dfball f\u00fcr Kinder sinnvoll?<\/h2>\n<p><img loading=\"lazy\" decoding=\"async\" class=\"alignnone wp-image-9258\" src=\"https:\/\/www.westfalia-hagen.de\/westfalia_neu\/wp-content\/uploads\/2026\/04\/Jugendfussball_Kinderfussball_NeueSpielformen-1643323465.jpg\" alt=\"\" width=\"532\" height=\"299\" srcset=\"https:\/\/www.westfalia-hagen.de\/westfalia_neu\/wp-content\/uploads\/2026\/04\/Jugendfussball_Kinderfussball_NeueSpielformen-1643323465.jpg 2560w, https:\/\/www.westfalia-hagen.de\/westfalia_neu\/wp-content\/uploads\/2026\/04\/Jugendfussball_Kinderfussball_NeueSpielformen-1643323465-300x169.jpg 300w, https:\/\/www.westfalia-hagen.de\/westfalia_neu\/wp-content\/uploads\/2026\/04\/Jugendfussball_Kinderfussball_NeueSpielformen-1643323465-1024x576.jpg 1024w, https:\/\/www.westfalia-hagen.de\/westfalia_neu\/wp-content\/uploads\/2026\/04\/Jugendfussball_Kinderfussball_NeueSpielformen-1643323465-768x432.jpg 768w, https:\/\/www.westfalia-hagen.de\/westfalia_neu\/wp-content\/uploads\/2026\/04\/Jugendfussball_Kinderfussball_NeueSpielformen-1643323465-1536x863.jpg 1536w, https:\/\/www.westfalia-hagen.de\/westfalia_neu\/wp-content\/uploads\/2026\/04\/Jugendfussball_Kinderfussball_NeueSpielformen-1643323465-2048x1151.jpg 2048w\" sizes=\"auto, (max-width: 532px) 100vw, 532px\" \/><\/p>\n<p><strong>Kleine Fu\u00dfballer, die sich w\u00e4hrend des Spiels einfach auf den Rasen setzen, Bl\u00fcmchen am Spielfeldrand pfl\u00fccken oder interessante V\u00f6gel und Flugzeuge am Himmel anstatt die gegnerischen Spieler oder die eigene Mannschaft beobachten \u2013 keine seltenen Anblicke beim Kinderfu\u00dfball. Deshalb stellen sich viele Eltern die Frage, ab wann es sinnvoll ist, ihre Kinder f\u00fcr das Fu\u00dfballtraining im Verein anzumelden. In diesem Blogbeitrag gehen wir dieser Frage auf den Grund und kl\u00e4ren, welche Faktoren dabei eine wichtige Rolle spielen.<\/strong><\/p>\n<h2>Ab wann d\u00fcrfen Kinder in den Fu\u00dfballverein?<\/h2>\n<p>Bambini Fu\u00dfball f\u00fcr Kinder ab 6 Jahren wird mittlerweile in jedem gr\u00f6\u00dferen Fu\u00dfballverein angeboten. In den letzten Jahren haben viele Vereine die Altersbeschr\u00e4nkung f\u00fcr Kinder sogar noch weiter herabgesetzt: Immer h\u00e4ufiger haben Vereine schon eine Mannschaft f\u00fcr Minis und bieten hierf\u00fcr ein spezielles Mini-Training an. Hier k\u00f6nnen Kinder bereits mit 4 Jahren teilnehmen. Die kleinen Nachwuchsfu\u00dfballer und \u2013fu\u00dfballerinnen, die in viel zu gro\u00dfen Trikots alle einem Ball hinterher laufen sind niedlich anzusehen, doch Eltern, die hier ein koordiniertes Fu\u00dfballspiel wie in der Bundesliga erwarten, werden mit Sicherheit entt\u00e4uscht. Im Fu\u00dfballtraining f\u00fcr Minis steht der Spa\u00df an der Bewegung an erster Stelle. In diesem Alter gibt es noch keine Ligen oder \u00e4hnliches. Ziel ist es, die Kinder an die Sportart heranzuf\u00fchren.<\/p>\n<h2>Mehrere Faktoren beeinflussen den Zeitpunkt, ab wann Kinder zum Fu\u00dfball spielen angemeldet werden sollten<\/h2>\n<p>Da die Kleinen im Kinderfu\u00dfball motorische, kognitive und soziale F\u00e4higkeiten erlernen, ist es durchaus sinnvoll, Kinder fr\u00fch f\u00fcr das Fu\u00dfballtraining in einer Mannschaft anzumelden. Hier trainieren sie durch unterschiedliche \u00dcbungen beispielsweise ihre Koordination, ihren Gleichgewichtssinn und ihre Beweglichkeit. Kognitive F\u00e4higkeiten werden in komplexen Schnelligkeits\u00fcbungen ebenfalls trainiert, da f\u00fcr Fu\u00dfballer die Entscheidungsschnelligkeit im Spiel sehr wichtig ist. Hiervon profitieren die Kinder auch im Alltag. Fu\u00dfball als Paradebeispiel f\u00fcr den Teamsport f\u00f6rdert zudem die sozialen F\u00e4higkeiten der Spieler: Es f\u00f6rdert den Teamgeist und Kinder lernen, sich in einer sozialen Gruppe korrekt zu verhalten. Au\u00dferdem findet dein Nachwuchs Kontakt zu anderen Gleichaltrigen und schult seine Kommunikation.<\/p>\n<h2>Doch wann genau ist \u201efr\u00fch\u201c? Diese Frage l\u00e4sst sich pauschal nicht beantworten, da die Entscheidung von mehreren Faktoren beeinflusst wird.<\/h2>\n<h3>Faktor 1: Das Kind<\/h3>\n<p>Im Wesentlichen muss die Entscheidung nat\u00fcrlich vom Kind abh\u00e4ngig gemacht werden. Jedes Kind ist einzigartig, hat unterschiedliche Bed\u00fcrfnisse und entwickelt sich unterschiedlich schnell. So macht es keinen Sinn, den Nachwuchs unbedingt schon in das Fu\u00dfballtraining schicken zu wollen, wenn die Aufnahme- oder die Konzentrationsf\u00e4higkeit noch nicht ausreichend vorhanden ist. Die Kleinen werden dann sicherlich sehr schnell den Spa\u00df am Fu\u00dfball verlieren, wobei dieser an erster Stelle stehen sollte. In einigen F\u00e4llen kann es f\u00fcr die Kinder deshalb besser sein, sie erst sp\u00e4ter anzumelden \u2013 beispielsweise zur n\u00e4chsten Saison \u00ad\u2013 auch wenn sie bereits seit einem halben oder einem ganzen Jahr offiziell teilnehmen d\u00fcrften.<\/p>\n<h3>Faktor 2: Der Trainer<\/h3>\n<p>Nicht zu vernachl\u00e4ssigen bei der Entscheidung, ab wann Fu\u00dfball f\u00fcr Kinder sinnvoll ist, ist der Trainer. Ihm muss bewusst sein, dass Kinder andere Bed\u00fcrfnisse und Voraussetzungen als jugendliche oder erwachsene Fu\u00dfballer haben und das Training dementsprechend anpassen. Steht im Training der spielerische Aspekt im Vordergrund und werden \u00dcbungen und Spiele durchgef\u00fchrt, welche die Koordination und die Reaktionsf\u00e4higkeit der Kinder trainieren, sind Kinder ab 4 Jahren dort gut aufgehoben. Ist dies nicht der Fall, sind die Kleinen schnell \u00fcberfordert, erm\u00fcden rasch und verlieren dadurch den Spa\u00df am Fu\u00dfball und dem Training. Dann sollte mit der Anmeldung f\u00fcr eine Mannschaft im Fu\u00dfballverein besser noch etwas abgewartet werden. Generell ist es von Vorteil dann anzufangen, wenn das Training f\u00fcr die neue Saison beginnt.<\/p>\n<h3>Faktor 3: Die Eltern<\/h3>\n<p>Ein weiterer wichtiger Faktor seid ihr \u2013 die Eltern. Wenn ihr euch damit abfinden k\u00f6nnt, dass das Mini-Training erst einmal wenig mit dem tats\u00e4chlichen Fu\u00dfballspiel zu tun hat und bei eurem Nachwuchs die Konzentration an manchen Tagen schon nach einer halben Stunde beim Kinderfu\u00dfball schwindet, dann spricht nichts dagegen die Kleinen mit 4 Jahren ins Mini-Training zu schicken. Habt ihr hingegen h\u00f6here Anforderungen an das Training und eure Kinder, ist es sinnvoller die Nachwuchsfu\u00dfballer mit 6 Jahren f\u00fcr das Bambini-Training anzumelden: Hier werden unter anderem das gezielte Passspiel zu Mitspielern und auf das Tor, die Ballannahme mit dem Fu\u00df, der Brust, dem Kopf und nat\u00fcrlich die wichtigsten Regeln und Taktiken des Fu\u00dfballspiels gelehrt. F\u00e4higkeiten, die man von 4-j\u00e4hrigen Kindern noch nicht erwarten kann!<\/p>\n<h3>Unsere Empfehlung:<\/h3>\n<p>Generell ist Fu\u00dfballtraining im Verein auch schon f\u00fcr Minis ab 4 Jahren eine tolle Sache: Es f\u00f6rdert die Gesundheit der Kinder, da sie sich an der frischen Luft bewegen. Zudem werden unterschiedliche motorische, kognitive und soziale F\u00e4higkeiten gelehrt. Daf\u00fcr muss das Training aber unbedingt altersgerecht gestaltet werden! Tipp: Viele Vereine bieten Schnupperstunden an, bei denen die Kinder kostenlos beim Training mit der Mannschaft teilnehmen d\u00fcrfen. So wird sich schnell herausstellen, ob euer Nachwuchs schon bereit f\u00fcr das Training im Fu\u00dfballverein ist und Spa\u00df daran hat oder ob er eventuell noch etwas zu jung daf\u00fcr ist. In diesem Fall k\u00f6nnt ihr daheim im Garten flei\u00dfig weiter trainieren und Tore schie\u00dfen und es in einem halben oder ganzen Jahr noch einmal probieren.<\/p>\n<p>&nbsp;<\/p>\n","protected":false},"excerpt":{"rendered":"<p>Bambini oder Mini-Kicker Fu\u00dfball: Ab wann ist Fu\u00dfball f\u00fcr Kinder sinnvoll? Kleine [&hellip;]<\/p>\n","protected":false},"author":1,"featured_media":0,"parent":0,"menu_order":0,"comment_status":"closed","ping_status":"closed","template":"","meta":{"footnotes":""},"class_list":["post-9257","page","type-page","status-publish","hentry"],"_links":{"self":[{"href":"https:\/\/www.westfalia-hagen.de\/westfalia_neu\/wp-json\/wp\/v2\/pages\/9257","targetHints":{"allow":["GET"]}}],"collection":[{"href":"https:\/\/www.westfalia-hagen.de\/westfalia_neu\/wp-json\/wp\/v2\/pages"}],"about":[{"href":"https:\/\/www.westfalia-hagen.de\/westfalia_neu\/wp-json\/wp\/v2\/types\/page"}],"author":[{"embeddable":true,"href":"https:\/\/www.westfalia-hagen.de\/westfalia_neu\/wp-json\/wp\/v2\/users\/1"}],"replies":[{"embeddable":true,"href":"https:\/\/www.westfalia-hagen.de\/westfalia_neu\/wp-json\/wp\/v2\/comments?post=9257"}],"version-history":[{"count":2,"href":"https:\/\/www.westfalia-hagen.de\/westfalia_neu\/wp-json\/wp\/v2\/pages\/9257\/revisions"}],"predecessor-version":[{"id":9260,"href":"https:\/\/www.westfalia-hagen.de\/westfalia_neu\/wp-json\/wp\/v2\/pages\/9257\/revisions\/9260"}],"wp:attachment":[{"href":"https:\/\/www.westfalia-hagen.de\/westfalia_neu\/wp-json\/wp\/v2\/media?parent=9257"}],"curies":[{"name":"wp","href":"https:\/\/api.w.org\/{rel}","templated":true}]}}